- 85. List the prime factors of i.
3
Let d = 0 + -8. Let l = d - -68. Suppose -3*o - o = -l. List the prime factors of o.
3, 5
Let q(r) = 2*r. Let o(h) = -h**3 - 8*h**2 - 9*h - 10. Let u be o(-7). Suppose 0 = t, -4*d + u*t - t + 12 = 0. What are the prime factors of q(d)?
2, 3
Suppose -3*b - 4*q = -4*b + 231, -3*b - 2*q = -693. List the prime factors of b.
3, 7, 11
Let n(i) be the first derivative of -i**4/4 - i**3 + 3*i**2/2 - 4*i - 1. Let m be n(-4). What are the prime factors of (m - 1/(-1)) + 5?
2, 3
Suppose 408 = q + 3*q. What are the prime factors of q?
2, 3, 17
Suppose -z = 2*z - 129. What are the prime factors of z?
43
Suppose 3*i + 5*p = i + 54, -4*i - 5*p = -118. What are the prime factors of i?
2
Suppose 2*x - 7*x = -10. Suppose 3*g = -x*u + 23, 2*g + 2*u + 3*u = 8. What are the prime factors of g?
3
Let h = -1 - 1. List the prime factors of 5/h*72/(-20).
3
Suppose -3*u + 5*q + 19 = -0, -u + 3*q + 9 = 0. What are the prime factors of (1 - u)/((-6)/147)?
7
Let o = -2 + -2. Let m = 6 + o. Suppose m*y - y = 5. List the prime factors of y.
5
Let p be ((-6)/(-2))/((-3)/(-8)). Let a be (15/10)/(6/p). Suppose -4*o + 52 = -a*v, -4 = -o - 2*v - 2*v. List the prime factors of o.
2, 3
Suppose -12 = 4*b - 0*b. What are the prime factors of (-1)/(b/(-15))*-2?
2, 5
What are the prime factors of ((-11)/(-2))/(1*(-2)/(-36))?
3, 11
Suppose -3*c - 3*v + 12 = 0, -4*c + 0*c - 2*v = -10. Suppose 6*h - 3*h = -3*m + 3, -m = -c. List the prime factors of 6 + h + -1 + 2.
7
Suppose -4*w - m + 77 = 0, -5*w + m - 2 + 87 = 0. List the prime factors of (w/(-5))/((-10)/50).
2, 3
Suppose -3*z - 23 = -65. What are the prime factors of (-24)/(-8) + (z - 1)?
2
Let y(d) = -36*d**2 - 7*d + 6. Let b(l) = -73*l**2 - 13*l + 11. Let m(q) = -6*b(q) + 11*y(q). List the prime factors of m(1).
43
Let p(r) = -r**2 + 7*r + 1. Let t be p(8). Let l(v) = v + 7. Let x be l(t). Suppose s + 2 - 17 = x. What are the prime factors of s?
3, 5
Suppose 2*k + 15 = -3*k. Suppose -2*z + y = -21, 6*y = -3*z + y + 38. Let d = z + k. What are the prime factors of d?
2
Suppose 0 = j + 2*j + 18. Let s(q) = -7*q**3 - 7*q**2 - 12*q + 2. Let h(i) = -i**3 - i + 1. Let t(o) = 6*h(o) - s(o). What are the prime factors of t(j)?
2
Suppose 0 = 2*w - 0*w + 3*r - 3, -4*r + 4 = 0. Suppose 9 = j - 3*z, 3*j = 4*z + 13 + 4. Let f = j + w. What are the prime factors of f?
3
Suppose 2*s + 7 = 3*s. Suppose -3*i - 23 = 4*y, -2*y + 0*i = i + 9. Let v = y + s. What are the prime factors of v?
5
Suppose -u - 7 = -19. Suppose 4*w = -k - u, -6*k + k - 117 = w. What are the prime factors of 6/k + 82/8?
2, 5
Suppose -4*p = p. Suppose p = -3*c - 43 + 283. Suppose 5*w - 42 - 45 = -2*t, -5*w + 5*t + c = 0. What are the prime factors of w?
17
Let v(a) be the second derivative of a**4/12 - 3*a**3/2 + 6*a**2 + 2*a. Let t be v(8). What are the prime factors of (-90)/(-8) + (-1)/t?
11
Let k be (-1)/2*(-10 + 6). What are the prime factors of (-1)/k - (-117)/6?
19
Let u(m) = 5*m + 14. List the prime factors of u(4).
2, 17
Suppose 6*u - 2*u = 12. Let b(v) = 0*v**2 + 6 + 4 + v**2 - u*v - 4. What are the prime factors of b(4)?
2, 5
Suppose 5*o + 99 = u, 0*u - 2*o + 78 = u. List the prime factors of u.
2, 3, 7
Let m be 66/(-4)*(3 - 9). Let f = m + -59. List the prime factors of f.
2, 5
Suppose -75 = -2*n - 3. List the prime factors of n.
2, 3
What are the prime factors of 411/12 + 3/(-12)?
2, 17
Let v be (-1)/1*(0 - 1). What are the prime factors of 1*((-17)/(-1) - v)?
2
Let n(g) = g**2 + 3*g - 1. Let r be n(-4). Suppose r*b = 3*z - 60, b - 74 = -4*z + 3*b. What are the prime factors of z?
17
Suppose -4 - 7 = -r. Let w = r + -7. What are the prime factors of w?
2
Let j(d) = -d**2 - 3*d + 1. Let z(r) = r**2 + 4*r - 1. Let i(l) = -6*j(l) - 5*z(l). Let x be i(2). Let f = x + 5. What are the prime factors of f?
2
Let y = 3 - 1. Suppose y*j = 3*h + 2*h - 57, h + 60 = -3*j. List the prime factors of ((-24)/14)/(6/j).
2, 3
Let p = -79 - -115. Suppose 0*c = -2*c + p. List the prime factors of c.
2, 3
What are the prime factors of (-19)/(-3)*(7 + -4)?
19
Suppose -2*r = 3*q - 146 - 120, -3*q + r = -254. List the prime factors of q.
2, 43
Let n(f) = -3*f - 2. Suppose -4 = 3*q + 2. List the prime factors of n(q).
2
Let o(t) = 9*t + 4. List the prime factors of o(3).
31
Let z = 8 - 5. Suppose z*v = 18 + 21. List the prime factors of v.
13
Suppose f = q - 0*f - 22, q - 22 = 2*f. List the prime factors of q.
2, 11
Suppose 0 = 2*m - 4 - 0. Let w be 1/(m - (-9)/(-5)). Suppose 0 = w*n - 10 - 50. List the prime factors of n.
2, 3
Suppose 0 = -m - 2*m + 153. What are the prime factors of m?
3, 17
Suppose -2*t = -2*v - 36, 0*t - t + 2*v = -16. Suppose -4*y = -0*y + 12, 0 = -i + 5*y + t. What are the prime factors of i?
5
Let a be ((-3)/(-5))/((-9)/(-45)). Suppose 5*i - 265 = 3*w, i + 0*w - 65 = a*w. List the prime factors of i.
2, 5
Let h(p) = 3*p. Let y be h(-3). Let i(j) = -j**3 - 10*j**2 - 10*j - 5. Let t be i(y). Let q = 1 + t. What are the prime factors of q?
5
Let c(l) = 4*l + 1. Suppose -14 = -2*j + 2*r, -9 = -j + 5*r + 14. List the prime factors of c(j).
13
Let s = 356 + -223. What are the prime factors of s?
7, 19
Let a = 51 + -26. Let w = -8 + a. What are the prime factors of w?
17
Let b(o) = -o**2 - 11*o + 7. Let d be b(-11). Let p = -11 + d. List the prime factors of p/(-10) - (-76)/10.
2
Suppose -4*i + 2*w = 7*w - 82, -5*i + 3*w + 84 = 0. Suppose -3*m = 3 - i. What are the prime factors of m?
5
Suppose 3*g - 2*g = b + 3, -b = -2*g + 10. Let o(r) = r + 5. List the prime factors of o(g).
2, 3
Let g(z) be the first derivative of z**3/3 + 4*z**2 - 14*z + 2. List the prime factors of g(-13).
3, 17
Let k(d) = 43*d - 2. Let x(m) = -m**2 - 5*m + 7. Let h be x(-6). List the prime factors of k(h).
41
Suppose i = v + 6, 2*v - 11 + 5 = -4*i. Suppose -1 - 14 = i*t, -4*t = -5*g + 110. List the prime factors of g.
2, 3
Let a(s) = -3*s - 3. Let k be (20/(-25))/((-1)/(-5)). Let v be a(k). Suppose 4*b - 15 = v. What are the prime factors of b?
2, 3
Suppose -5*u + q + 14 = 0, -u - 2*q + 5 = -0*u. Suppose -19 = 3*o + x, 5*o + x = -u - 26. What are the prime factors of 20*(0 - 4/o)?
2
What are the prime factors of (108/10)/((-21)/(-70)) - 3?
3, 11
Suppose 0 = o + 2*r - 65, -5*o + 2*r = 7*r - 345. Let h = o + -31. List the prime factors of h.
2, 3, 7
Let n = 85 - 37. Suppose -2*u - n = -6*u. List the prime factors of u.
2, 3
Suppose -60 - 58 = -2*m. What are the prime factors of m?
59
Suppose 13*j - 1804 = 2*j. What are the prime factors of j?
2, 41
Let t be (-2)/(-6) - (-28)/(-3). List the prime factors of (-2 - t)*(-2)/(-7).
2
Let a(b) = -b**2 + 6*b - 9. Let n be a(7). What are the prime factors of (-20)/(-8)*n/(-2)?
2, 5
Let g(p) = p**2 + p - 30. What are the prime factors of g(-13)?
2, 3, 7
Let t(i) = -2*i**2 + 6*i + 1. Let o(w) = -w**2 + 5*w + 2. Let q(z) = 3*o(z) - 2*t(z). Let y = -14 - -10. What are the prime factors of q(y)?
2
List the prime factors of 4/(-8)*1*-146.
73
Suppose -2*d - 4*n = -230, 3*d - 4*n = -0*d + 315. List the prime factors of d.
109
Let c be 4 + 0 + 1 + -1. Suppose h - c*u - 2 = 29, -3*h + 2*u = -43. What are the prime factors of h?
11
Let i = 21 + -50. Let r = i + 40. What are the prime factors of r?
11
Suppose 3*k = -5*d - 39, 0 = -4*d + k - 14 - 7. List the prime factors of (-76)/d*24/16.
19
Let u(s) = 3*s - 7. What are the prime factors of u(11)?
2, 13
Let l = 67 - 36. What are the prime factors of l?
31
List the prime factors of 1/(-2) - (-1670)/20.
83
Suppose 3*p - 12 = 0, i + 4*p + 0 = -34. Suppose -10 = 5*q, 2*l = q - 49 - 21. Let u = l - i. What are the prime factors of u?
2, 7
Suppose -3*b + 6 = 0, -u - 11 = -5*b - 3. Suppose u = 2*k - 22. What are the prime factors of k?
2, 3
Let u(r) = -r**3 + 6*r**2 - 5*r - 2. Let o be u(4). Suppose 3*h = o + 35. List the prime factors of (12/5)/(3/h).
2, 3
Let j be (-12)/8*2/(-1). Suppose y - q = 3*y - 83, 3*y - 123 = -j*q. Suppose -y = -4*k + 6. What are the prime factors of k?
2, 3
Let a(r) = -2 + 0*r**2 + r**3 - r - 4*r**2 - 1 + 4*r. Let o be a(3). What are the prime factors of ((-2)/4)/(o/42)?
7
Let i(n) = -n + 22. Let t be i(11). Let a = t - -12. What are the prime factors of a?
23
Suppose -10 = -5*f - 2*b, 4*f - 8 = -2*b + 2. Suppose f = r - 5 - 0. What are the prime factors of r?